 is divided by t?
131
Let i(k) = k**2 + 7*k + 19. Let a be i(8). Suppose -5*g - a = -19. Calculate the remainder when 11 is divided by (g/30)/((-2)/5).
1
Let r = -461 - -260. Let u = -36 - r. What is the remainder when u is divided by 28?
25
Suppose -104 = 2*h - 6*h. Suppose -2*q = 5*p - 39, -4*p = -492 + 520. Calculate the remainder when q is divided by h.
11
Let o(y) = y**3 + 3*y + 3. Calculate the remainder when 1225 is divided by o(0).
1
Let m(t) = 1 + t**2 - 4 + 67*t - 1 + 60*t - 125*t. What is the remainder when 39 is divided by m(-4)?
3
Suppose 4*p - 2927 = -3*s, 13*s - p = 9*s + 3909. Calculate the remainder when s is divided by 306.
59
Let a = 6231 + -5955. What is the remainder when a is divided by 68?
4
Let n be (-5 - -20)*-1*-5. Let d = n - 66. What is the remainder when d is divided by 5?
4
What is the remainder when 233 is divided by (-3 - -1)/((-870)/(-125) - 7)?
33
Suppose 169*u - 1176 = 162*u. Let a = -136 + u. Calculate the remainder when a is divided by 12.
8
Let h = 15060 - 10317. What is the remainder when h is divided by 21?
18
Let d(o) = 3*o**2 - 4*o - 5. Let j be d(-7). Let m = j - -19. What is the remainder when m is divided by 16?
13
Let b(p) = p**3 - 5*p**2 - 2*p - 7. Let a be b(6). Calculate the remainder when 68 + a - (-1 - -2) is divided by 9.
3
Suppose 0 = 2*o - 127 + 135, -3*f + 1028 = 4*o. Calculate the remainder when f is divided by 32.
28
Let z = 10 + -10. Let d be (z/4 + 2)/1. Suppose -b - d*b = -234. Calculate the remainder when b is divided by 20.
18
Let c = -8999 - -9049. What is the remainder when 203 is divided by c?
3
Let l = -29932 + 30110. Calculate the remainder when l is divided by 73.
32
Let t = -128 + -56. Calculate the remainder when ((-64)/(-24))/4 + t/(-3) is divided by 9.
8
Let d be -18*((-27)/9 - 4/(-2)). Suppose d = 2*h - 2*r, -5*h - 2*r + 81 = 2*r. What is the remainder when 350 is divided by h?
12
Suppose 77*l = 74*l + 2*k + 1038, 4*k = l - 346. What is the remainder when l is divided by 44?
38
Calculate the remainder when 673 is divided by (189/(-18))/7 + 41/2.
8
Let f = -10 - -37. Suppose 135 = 18*q + 9. What is the remainder when f is divided by q?
6
Let u(f) = 29*f**2 + f. Suppose g - 2*i + 1198 = -5*i, 5*i + 3574 = -3*g. Let s = g - -1198. Calculate the remainder when u(1) is divided by s.
0
Calculate the remainder when (-1161)/(-12) - ((-15)/(-36) - (-8)/(-12)) is divided by 17.
12
Suppose -b = 26*b - 1377. Let u = -114 + 215. Calculate the remainder when u is divided by b.
50
What is the remainder when -7 + -345*(-4 + -1) is divided by 86?
84
Suppose -b + 14 = -8. Let l(a) = 145 - 13*a - a**2 - 46 + 0*a + 25*a. Calculate the remainder when b is divided by l(-5).
8
Suppose -493 = -9*t - 529. What is the remainder when 1*-1 + t*4173/(-52) is divided by 81?
77
Calculate the remainder when 251 is divided by 6*13/2 + 5.
31
Suppose -103*w + 409 + 3505 = 0. What is the remainder when 414 is divided by w?
34
Let d = 19810 - 17330. What is the remainder when d is divided by 618?
8
Let l = 826 + -765. Suppose 21*g + l = 1384. Let m = 71 - 49. What is the remainder when g is divided by m?
19
Suppose 39 = f + 2*m + 36, 7*f - 96 = m. What is the remainder when 373 is divided by f?
9
Let r(s) = 13*s**2 + 71*s - 388. What is the remainder when r(7) is divided by 17?
15
What is the remainder when 215 is divided by (8/(-130))/(78/(-195)) + 3104/104?
5
Suppose 3 + 5 = -2*l, 0 = 4*t + 3*l - 80. Let f(v) = -2*v + 22. What is the remainder when t is divided by f(0)?
1
Suppose 31 = 5*h - 19. Let o(q) = -q - 5. Let l be o(-16). Let v = l + h. What is the remainder when 39 is divided by v?
18
Suppose -111*p + 99*p = -972. Suppose n - 5*a = -n + 33, -2*n - 4*a = -78. Calculate the remainder when p is divided by n.
23
What is the remainder when 2034 is divided by 2/(-1)*1020/(-40) + -5?
10
Let q = 372 + -368. What is the remainder when 38 is divided by 0 + (q - 3)/((-2)/(-22))?
5
Suppose -80*t + 2050 = -30*t. What is the remainder when t is divided by 35?
6
Let j = 10302 - 10192. Let t = 33 + 25. Calculate the remainder when j is divided by t.
52
Suppose 23*p - 11*p - 34272 = 5*p. What is the remainder when p is divided by 196?
192
Let v(y) = -y + 104. Calculate the remainder when 6258 is divided by v(93).
10
Let j = 29 + -43. Let s(k) = k**3 + 14*k**2 - k - 2. Suppose -3*a + 33 = -66. Calculate the remainder when a is divided by s(j).
9
Suppose 0 = 37*h + 1621 - 12388. Suppose -486 = -k - 3*f, -3*k - f + 1789 = h. Calculate the remainder when k is divided by 28.
25
Suppose 124 = -10*i + 474. Calculate the remainder when 152 is divided by -34*i/(-20)*(-6)/(-21).
16
Let i = -17244 - -18144. What is the remainder when i is divided by 59?
15
Suppose 7*o = 4*h + 5*o - 360, 0 = 2*o - 8. Let i = h + -74. What is the remainder when 287 is divided by i?
17
Calculate the remainder when (-650)/(-150) + (-1001)/(-3) is divided by 23.
16
Suppose 128 = 3*x + x. Suppose 0 = -15*l + 105*l - 990. What is the remainder when x is divided by l?
10
Let p(a) = -17 + 12 - 4*a + 37. Suppose -g + 15 = 4*b, -9*g = -4*g - 3*b - 98. Calculate the remainder when p(-6) is divided by g.
18
Let m = 1736 + -1721. What is the remainder when 134 is divided by m?
14
Let a(h) = 1717*h - 13629. What is the remainder when 3957 is divided by a(8)?
105
Suppose 0 = 6*c + 3*q - 3345, -12*c - 5*q = -9*c - 1683. Calculate the remainder when c is divided by 87.
34
Let n = 315602 + -315563. What is the remainder when (-1 + 58/(-4))*-10 is divided by n?
38
Let a = -19 + 305. Let c = -223 + a. What is the remainder when 439 is divided by c?
61
Suppose 0 = -48*t + 360*t - 5928. Calculate the remainder when 7408 is divided by t.
17
Suppose 9*s = 7718 - 7601. Calculate the remainder when 6473 is divided by s.
12
Suppose 26*p - 27*p - 1038 = -5*y, -p + 825 = 4*y. Calculate the remainder when 8279 is divided by y.
206
Suppose -139*o + 4 = -137*o. Suppose d = o*c - 11, 0 = -5*c - d + 8 + 9. Calculate the remainder when 21 is divided by c.
1
Calculate the remainder when (-4580)/(-124) - 38/(-589) is divided by (-15)/10*(-20)/6*1.
2
Let i be 79*(-7)/(-35)*5. What is the remainder when i - (-6 + (-24)/(-6)) is divided by 33?
15
Let t = 12106 + -11601. Calculate the remainder when 886 is divided by t.
381
Let u(y) = 2*y**2 - 4*y + 2. Let a be u(3). Let r = -796 - -800. Suppose r*p + 0*p - a = 0. Calculate the remainder when p is divided by 2.
0
Suppose 2 = 5*l - 23. Suppose 2*j = l*j - 9. Suppose 0 = -14*g + j*g + 1408. What is the remainder when g is divided by 33?
29
Let v = -515 + 520. Suppose -3*s + 53 = -42*f + 40*f, -v*s + 67 = 2*f. Calculate the remainder when 72 is divided by s.
12
Suppose -21*z + 3 = -20*z. Let r(m) be the second derivative of -m**5/20 + m**4/2 - 4*m**3/3 + 3*m**2/2 + 4*m. What is the remainder when 17 is divided by r(z)?
5
Let y = -182 + 172. Suppose 0*w + 3*w = 12. What is the remainder when 87/2 + (1 + w)/y is divided by 9?
7
What is the remainder when 871 is divided by -38*(13 + -30 + 12)?
111
What is the remainder when 1762 is divided by ((-79)/(-5))/(-13*(-2)/130)?
24
What is the remainder when (2/4 + (-20)/8)*(-38 + -321) is divided by 15?
13
Let p be ((-200)/(-125))/(8/1180). Suppose 239*c - p*c - 600 = 0. Calculate the remainder when c is divided by 59.
23
Calculate the remainder when 2527 is divided by 498/13 + 60/(-195).
19
Suppose 172*q + 1148 - 6652 = 0. Calculate the remainder when 485 is divided by q.
5
Suppose 3*f + 0*z + 29 = -4*z, -3*z = -2*f + 9. What is the remainder when (-1 - -1)/1 + (98 - f) is divided by 53?
48
Let a be (6/6 - 7) + 6 + -2. Let l = 168 + a. Calculate the remainder when l is divided by 44.
34
Calculate the remainder when (11 - 7)*(13737/(-12))/(-19) is divided by 24.
1
Let t(z) = 15*z - 2 + 20*z - 9 + 9. Let f(r) = r**3 - 17*r**2 - 18*r + 1. Let g be f(18). Calculate the remainder when t(g) is divided by 7.
5
Let y = -4 - -15. Calculate the remainder when (-572)/(-1287) + (-38654)/(-63) is divided by y.
9
Let j = 42 + -20. Let s = -10 + j. Suppose 4*h - 1130 = -510. Calculate the remainder when h is divided by s.
11
Suppose 8*r + 3*r = -5*r + 9136. What is the remainder when 1156 is divided by r?
14
Let n be 7 + 2 + 12/(3/(-1)). Suppose -2*h = 5*v - 4*h - 108, -112 = -n*v - 2*h. Suppose -y - 5 =